Let j(i) = 3*i + 77. Give j(8).
101
Let l(v) = -17*v - 24. Determine l(-1).
-7
Let w(i) = 14*i - 34. Give w(2).
-6
Let j(y) = -y**3 - 7*y**2 + 5*y + 3. Calculate j(-7).
-32
Let u(t) = t**2 - 18*t - 4. Give u(17).
-21
Let j(c) = 2*c**2 + 10*c + 3. Determine j(-6).
15
Let f(z) = z**3 - 18*z**2 - 14*z - 15. Determine f(19).
80
Let q(n) = -2*n**3 + 2*n + 2. Calculate q(-2).
14
Let d(h) = 5*h - 16. Give d(4).
4
Let p(y) = -4*y + 3. What is p(4)?
-13
Let x(m) = -2*m + 3. Give x(13).
-23
Let g(h) = h**3 + 12*h**2 + 13*h + 18. What is g(-11)?
-4
Let u(c) = c**3 - 4*c**2 - 12*c + 12. Give u(5).
-23
Let c(t) = 2*t**2 + 97*t + 144. Calculate c(-47).
3
Let g(f) = 9*f - 18. Calculate g(1).
-9
Let x(c) = -6*c - 22. What is x(-3)?
-4
Let r(m) = -18*m - 208. Give r(-11).
-10
Let x(n) = -n**3 - 6*n**2 - 2*n + 4. Give x(-5).
-11
Let i(n) = -n**3 + 14*n**2 + 17*n - 31. Determine i(15).
-1
Let i(u) = u**2 - 10*u - 12. Give i(12).
12
Let s(o) = o**3 - 3*o**2 - 7*o + 7. Calculate s(4).
-5
Let d(q) = q - 5. Calculate d(8).
3
Let k(m) = 3*m**2 - 2*m - 9. Determine k(3).
12
Let i(d) = d**3 + 13*d**2 - 14*d - 7. Give i(-14).
-7
Let b(z) = -233*z - 1162. Calculate b(-5).
3
Let a(r) = r + 35. Give a(0).
35
Let a(c) = -3*c**2 - c + 22. Determine a(-5).
-48
Let k(w) = -w**2 - 10*w - 1. Calculate k(-4).
23
Let a(l) = -l**3 + 15*l**2 - 32*l - 35. Calculate a(12).
13
Let m(y) = -y**2 - 6*y - 3. Determine m(-7).
-10
Let t(k) = -2*k**2 + 11*k + 4. Calculate t(10).
-86
Let j(o) = 9*o**2 - 5*o + 7. Give j(3).
73
Let j(o) = 2*o + 20. What is j(-9)?
2
Let j(d) = -5*d - 6. Calculate j(-5).
19
Let m(w) = -w**2 - 11*w + 5. Determine m(-12).
-7
Let u(s) = 8*s**2 - s - 2. Determine u(-1).
7
Let d(c) = c**2 - 6*c + 1. What is d(4)?
-7
Let i(k) = -k**3 - 7*k**2 - 8*k - 1. Determine i(-6).
11
Let u(r) = 24*r + 55. Give u(-4).
-41
Let u(l) = -l**3 - 5*l**2 - 12*l - 11. Give u(-4).
21
Let c(d) = -d**2 - 12*d + 49. Give c(-15).
4
Let t(a) = -3*a**2 - 3*a + 1. Give t(-5).
-59
Let w(u) = -19*u + 2. Calculate w(4).
-74
Let a(m) = -m + 40. Determine a(14).
26
Let c(x) = x**2 + 11*x - 5. Give c(9).
175
Let n(a) = a**2 - 9*a - 25. Calculate n(12).
11
Let t(d) = -d + 1. What is t(15)?
-14
Let g(f) = f. Calculate g(8).
8
Let k(h) = -3*h**3 - 29*h**2 + 10*h - 4. What is k(-10)?
-4
Let s(g) = -g**3 + 19*g**2 - g + 28. Calculate s(19).
9
Let m(p) = p**2 - 46*p + 162. What is m(4)?
-6
Let o(f) = 2*f**2 + 21*f - 12. Determine o(-11).
-1
Let b(i) = 8*i**2 + 3*i + 1. Give b(-1).
6
Let z(q) = 2*q - 15. Give z(-18).
-51
Let l(s) = -s**3 + 5*s**2 + 10*s. Give l(8).
-112
Let h(i) = -i**2 - 9*i - 12. Determine h(-5).
8
Let f(o) = 93*o - 2. Calculate f(-1).
-95
Let c(h) = 9*h - 1. What is c(3)?
26
Let k(q) = 2*q - 142. Calculate k(68).
-6
Let s(o) = 9*o**2 - 3*o + 13. Determine s(-3).
103
Let n(v) = -15*v + 39. Determine n(3).
-6
Let b(q) = q**2 + q - 43. Give b(-7).
-1
Let a(k) = 43*k + 3. Give a(-2).
-83
Let f(k) = 4*k**3 + 3*k**2 - k - 4. What is f(2)?
38
Let q(d) = d**2 + 17*d + 14. What is q(-13)?
-38
Let p(d) = 16*d - 44. Calculate p(3).
4
Let s(t) = -t**3 - 5*t**2 + 7. What is s(-6)?
43
Let k(i) = 175*i + 1747. Determine k(-10).
-3
Let d(p) = p**3 + 18*p**2 + 17*p - 1. Give d(-17).
-1
Let b(n) = n - 18. Determine b(11).
-7
Let s(f) = f**3 + f**2 - 1. Calculate s(0).
-1
Let q(l) = l + 10. Give q(-8).
2
Let s(c) = -17*c + 66. Determine s(4).
-2
Let k(v) = 3*v**3 - 7*v**2 - 4*v. What is k(3)?
6
Let s(l) = l**3 + 5*l**2 - 6*l - 1. Give s(-6).
-1
Let y(o) = 2*o**2 - 95*o + 104. Give y(46).
-34
Let v(x) = 5*x - 4. Give v(2).
6
Let t(z) = z**3 + 6*z**2 + 7*z + 3. Calculate t(-5).
-7
Let k(d) = 37*d + 146. What is k(-4)?
-2
Let n(t) = -5*t - 14. Determine n(-3).
1
Let y(x) = -x**2 + 3*x + 17. Give y(-5).
-23
Let s(f) = f**2 - 19*f + 28. Determine s(15).
-32
Let y(w) = -7*w - 24. Give y(-6).
18
Let p(f) = 5*f + 124. Give p(-26).
-6
Let v(s) = -s**3 - 2*s**2 - 3. What is v(-3)?
6
Let l(c) = 3*c**2 - 43*c - 371. Give l(-6).
-5
Let r(l) = l**3 - 3*l**2 - 3*l. Give r(3).
-9
Let r(m) = 24*m + 48. Calculate r(-6).
-96
Let q(b) = -b**3 - 8*b**2 + 5*b - 6. Determine q(-7).
-90
Let q(y) = -y**2 - 11*y + 64. What is q(-16)?
-16
Let u(z) = -3*z**2 + 26*z - 14. Determine u(10).
-54
Let a(u) = u**3 + 7*u**2 - 7*u + 14. Determine a(-8).
6
Let j(b) = -15*b**3 - 2*b - 1. Calculate j(-1).
16
Let s(g) = -8*g + 17. Calculate s(4).
-15
Let q(g) = g - 61. What is q(0)?
-61
Let r(b) = -4*b - 21. What is r(-5)?
-1
Let y(t) = t**3 - 2*t**2 + t - 8. Calculate y(0).
-8
Let q(l) = -9*l + 60. Calculate q(11).
-39
Let l(w) = w**2 - 20*w + 25. What is l(19)?
6
Let p(n) = -n**2 - n - 6. Determine p(-5).
-26
Let k(t) = -t**3 - 7*t**2 + t + 9. What is k(-7)?
2
Let c(a) = 3*a**2 - 12*a + 5. Calculate c(5).
20
Let v(w) = -w**2 + 19*w + 68. Give v(22).
2
Let j(x) = -x**2 - 42*x + 179. Calculate j(-46).
-5
Let y(x) = -x + 1. What is y(-5)?
6
Let y(v) = -2*v**3 + 4*v**2 + 5*v + 6. Give y(3).
3
Let i(s) = -22*s - 17. Give i(-1).
5
Let k(b) = -b**2 + 15*b - 46. Calculate k(11).
-2
Let k(i) = -i - 10. Determine k(-11).
1
Let z(k) = k**3 + 4*k**2 + 3*k - 2. Give z(-4).
-14
Let n(r) = -r**2 - 3*r - 4. Determine n(4).
-32
Let t(w) = -13*w - 26. Determine t(6).
-104
Let y(v) = v**3 + 5*v**2 + v - 2. What is y(-5)?
-7
Let m(u) = -9*u + 211. Calculate m(30).
-59
Let q(m) = 24*m + 379. Calculate q(-16).
-5
Let r(d) = 9*d**3 + d**2 - d - 1. Determine r(-1).
-8
Let i(g) = -7*g + 119. Determine i(18).
-7
Let j(y) = -y**3 - 5*y**2 + 21*y - 1. Calculate j(-7).
-50
Let y(d) = 4*d + 15. Determine y(-13).
-37
Let p(x) = 3*x - 15. Calculate p(6).
3
Let p(r) = 2*r - 6. What is p(13)?
20
Let k(y) = -9*y + 1. What is k(1)?
-8
Let w(k) = -10*k - 61. Give w(-6).
-1
Let z(b) = -b - 19. Give z(6).
-25
Let g(x) = -103*x. Determine g(1).
-103
Let a(u) = -u**3 + 6*u**2 + 12*u - 4. Calculate a(7).
31
Let k(p) = -2*p - 17. What is k(-5)?
-7
Let l(i) = i**2 + 21*i + 8. Give l(-6).
-82
Let d(o) = -6*o + 144. Determine d(24).
0
Let n(s) = -6*s + 109. Determine n(18).
1
Let h(t) = t**2 + 11*t - 12. What is h(-15)?
48
Let l(u) = u**3 + 7*u**2 + 5*u - 11. What is l(-6)?
-5
Let j(r) = -38*r - 9. Give j(-1).
29
Let i(d) = -3*d**2 + d - 11. What is i(-5)?
-91
Let q(a) = -a**2 + a + 4. Determine q(0).
4
Let m(j) = 2*j**3 - 2*j**2 - 3*j + 3. What is m(-3)?
-60
Let m(r) = 10*r**2 - 4. What is m(2)?
36
Let j(m) = -m**2 + 2*m + 12. Give j(6).
-12
Let t(z) = z**3 - 5*z**2 + 3*z - 1. Determine t(5).
14
Let h(a) = -2*a**2 - a + 6. Calculate h(0).
6
Let y(l) = 3*l**2 - 76*l + 17. What is y(25)?
-8
Let x(k) = -k**2 - k + 22. Calculate x(0).
22
Let y(k) = -k**3 + 15*k**2 - 14*k + 9. Give y(14).
9
Let s(f) = f**3 - 8*f**2 + 6*f - 8. Determine s(7).
-15
Let y(s) = -8*s. Determine y(-7).
56
Let o(n) = n**3 - 63*n**2 + 119*n + 176. What is o(61)?
-7
Let r(p) = -p - 3. Determine r(-4).
1
Let s(y) = 3*y + 22. What is s(-10)?
-8
Let r(o) = -35*o - 1. Give r(-1).
34
Let m(a) = -a. What is m(-11)?
11
Let y(x) = 5*x**2 + x - 5. Determine y(-2).
13
Let g(s) = s**2 - 11*s - 18. What is g(13)?
8
Let m(v) = v**3 + 13*v**2 + 24*v + 4. Determine m(-2).
0
Let p(w) = w**2 + 2*w - 90. Determine p(9).
9
Let x(s) = -2*s + 80. What is x(44)?
-8
Let v(n) = 3*n - 11. Determine v(8).
13
Let k(l) = -3*l + 236. Give k(76).
8
Let d(p) = -11*p + 28. Give d(8).
-60
Let q(w) = 69*w - 348. What is q(5)?
-3
Let m(b) = -2*b**2 + 29*b + 44. Calculate m(16).
-4
Let q(t) = 5*t**2 + 8*t + 1. Calculate q(-2).
5
Let c(b) = -b**3 + 6*b**2 - 2*b - 1. Determine c(2).
11
Let n(s) = -s**3 + 7*s**2 + 2*s. Give n(7).
14
Let n(x) = 7*x - 64. Calculate n(6).
-22
Let m(z) = 2*z**3 + 11*z**2 - z + 10. Determine m(-7).
-130
Let i(b) = 6*b + 2. What is i(2)?
14
Let f(n) = n**2 + 17*n + 15. Calculate f(-14).
-27
Let r(z) = -3*z - 36. Give r(-13).
3
Let x(l) = -l**2 + 7*l + 19. Give x(8).
11
Let d(t) = -t**3 + 10*t**2 - 12*t + 15. Calculate d(6).
87
Let p(o) = 2*o**2 - 6*o + 10. Give p(4).
18
Let l(r) = r**2 - 12*r + 34. Determine l(5).
-1
Let x(h) = h**2 + 15*h - 5. What is x(-15)?
-5
Let a(h) = 7*h**2 - 4*h + 7. Give a(3).
58
Let j(r) = r**3 - 4*r**2 + r + 4. Calculate j(2).
-2
Let j(s) = s**3 - 3*s**2 + 5*s - 1. Give j(2).
5
Let w(n) = -n**2 - 12*n + 270. Calculate w(-24).
-18
Let o(g) = 100*g**2 + 2*g - 1. Give o(1).
101
Let y(q) = q**2 - 3. Deter